mmon factor of 401 and 3701347092.
401
What is the highest common factor of 71238 and 11984070?
2298
Calculate the greatest common divisor of 559 and 16221535.
43
What is the highest common factor of 130735 and 572?
11
What is the greatest common divisor of 59332 and 286468?
364
Calculate the highest common factor of 106290 and 15298674.
7086
What is the greatest common divisor of 5355 and 5133915?
765
What is the highest common divisor of 6830 and 2598207130?
6830
What is the highest common divisor of 419 and 24212753?
419
What is the highest common divisor of 43557568 and 32?
32
What is the greatest common factor of 20248 and 58536?
8
Calculate the greatest common factor of 159 and 246261.
3
Calculate the greatest common factor of 2070740 and 56.
28
Calculate the highest common divisor of 85122253 and 422.
211
Calculate the greatest common factor of 1702 and 342523245.
851
What is the highest common factor of 60868 and 300?
4
What is the highest common factor of 192 and 43009216?
64
Calculate the greatest common factor of 1912112 and 9271.
127
What is the highest common divisor of 11170 and 196433386?
2234
Calculate the greatest common factor of 25603344 and 18.
18
Calculate the highest common factor of 9490 and 4411.
1
Calculate the highest common divisor of 3586 and 28358.
22
What is the highest common divisor of 111 and 110735413?
37
What is the highest common divisor of 4380064 and 1248?
416
Calculate the highest common factor of 56 and 10136252.
28
Calculate the greatest common factor of 5729 and 398258849.
337
Calculate the greatest common divisor of 205 and 16355597.
41
Calculate the greatest common divisor of 234775640 and 11.
11
Calculate the greatest common factor of 825 and 86795445.
165
Calculate the highest common factor of 29644499 and 12171.
4057
Calculate the highest common factor of 4134075 and 89925.
825
Calculate the highest common factor of 308 and 10862236.
308
What is the highest common divisor of 60499667 and 4085?
817
Calculate the greatest common divisor of 133001 and 313338265.
12091
Calculate the greatest common factor of 48269 and 6277024.
1027
What is the highest common factor of 3836196 and 1953?
63
What is the highest common divisor of 12351 and 1649376?
69
What is the greatest common factor of 1086475 and 427700?
325
What is the highest common divisor of 173565035 and 1660?
415
What is the highest common divisor of 30041561 and 59?
59
Calculate the greatest common divisor of 33041579 and 983.
983
Calculate the highest common factor of 14084469 and 42.
21
What is the greatest common factor of 88638 and 174658?
374
Calculate the greatest common factor of 2040 and 4904704.
136
What is the highest common divisor of 32723 and 3483?
43
Calculate the greatest common factor of 12768 and 76223.
7
What is the highest common divisor of 1458600 and 693?
33
Calculate the greatest common divisor of 61855976 and 56.
56
What is the highest common factor of 12906285 and 1217?
1217
Calculate the highest common divisor of 11576505 and 11746470.
18885
What is the greatest common divisor of 119460020 and 1462?
1462
What is the greatest common divisor of 8 and 187252744?
8
What is the highest common divisor of 93 and 800625747?
93
Calculate the greatest common divisor of 14678 and 8629232.
358
Calculate the highest common divisor of 794182 and 18.
2
Calculate the highest common divisor of 28798 and 67354.
238
Calculate the greatest common divisor of 33898984 and 42.
14
What is the highest common divisor of 1638837 and 57603?
633
Calculate the greatest common factor of 794264 and 6772.
4
Calculate the greatest common divisor of 975 and 4960050.
75
Calculate the greatest common divisor of 294649862 and 19270.
3854
What is the highest common factor of 24612693 and 31204?
269
Calculate the greatest common factor of 6 and 1017082.
2
Calculate the highest common factor of 375804 and 217248.
876
Calculate the greatest common divisor of 42 and 136282804.
14
Calculate the highest common divisor of 1512 and 32551848.
1512
What is the highest common divisor of 72 and 78580776?
24
What is the highest common factor of 17397 and 1117377?
9
Calculate the highest common factor of 319870449 and 2529.
2529
What is the highest common factor of 3312 and 82552336?
368
Calculate the greatest common factor of 11444404 and 469.
67
Calculate the highest common factor of 954107 and 235620.
77
What is the greatest common divisor of 4519177 and 221?
13
What is the greatest common factor of 583730 and 2430953?
1883
Calculate the highest common factor of 742 and 432056.
106
What is the highest common divisor of 1606 and 658778791?
803
What is the highest common factor of 1892 and 4786244?
172
What is the greatest common divisor of 726270171 and 10324?
2581
Calculate the highest common factor of 157061734 and 601.
601
What is the highest common divisor of 984141 and 10062?
387
Calculate the greatest common factor of 5298 and 696473314.
1766
What is the highest common factor of 42935385 and 15?
15
Calculate the highest common divisor of 9073484 and 896.
28
What is the highest common divisor of 382972 and 222172?
268
Calculate the greatest common divisor of 1234716 and 2184.
84
What is the greatest common factor of 28866221 and 17?
17
Calculate the highest common factor of 49476308 and 28.
28
What is the greatest common divisor of 99 and 27821232?
9
What is the highest common factor of 24325 and 257425?
175
Calculate the greatest common factor of 33596 and 413956.
148
What is the greatest common divisor of 115272 and 22173850?
3202
Calculate the highest common factor of 53869 and 14420.
103
What is the greatest common divisor of 109135032 and 48?
24
Calculate the highest common divisor of 2061 and 7739513.
229
Calculate the highest common factor of 12 and 11849778.
6
Calculate the highest common factor of 5134104 and 11676.
1668
What is the greatest common factor of 4 and 76918?
2
Calculate the highest common factor of 113 and 207411613.
113
What is the greatest common divisor of 456 and 8687598?
114
Calculate the greatest common factor of 6116 and 13517064.
44
What is the highest common divisor of 37629388 and 8?
4
What is the highest common divisor of 88427703 and 13?
13
What is the highest common factor of 54 and 61649451?
27
Calculate the highest common divisor of 5991650 and 11628.
646
What is the greatest common factor of 871 and 7515122?
67
Calculate the greatest common divisor of 360 and 232708400.
40
Calculate the highest common factor of 1128582 and 2817906.
7098
Calculate the greatest common factor of 1758160 and 1424.
16
What is the greatest common factor of 142 and 120394061?
71
Calculate the highest common divisor of 272444 and 1864.
4
Calculate the highest common factor of 128606333 and 52446.
8741
Calculate the greatest common factor of 50408283 and 99954.
1851
What is the greatest common divisor of 765 and 2275263?
153
What is the highest common divisor of 191 and 12227?
1
What is the highest common divisor of 11137 and 409294?
37
What is the greatest common factor of 793134 and 52542?
2502
What is the highest common divisor of 66408 and 1983939?
8301
What is the highest common divisor of 505 and 156341839?
101
Calculate the greatest common factor of 619807 and 19.
1
Calculate the highest common factor of 141298804 and 852.
284
What is the greatest common divisor of 5128226 and 8473?
229
Calculate the greatest common factor of 32943706 and 356.
178
What is the highest common divisor of 1074000 and 22800?
1200
What is the highest common divisor of 3600552 and 1562?
142
Calculate the greatest common factor of 36400 and 189488.
208
Calculate the highest common divisor of 519775602 and 7842.
7842
What is the greatest common factor of 1192448 and 12784?
272
Calculate the highest common factor of 1648809 and 172773.
2133
Calculate the greatest common divisor of 474613 and 112313.
3623
Calculate the greatest common divisor of 2691 and 6865937.
299
What is the highest common factor of 43510306 and 28?
14
Calculate the highest common divisor of 2244 and 3331745.
17
Calculate the highest common factor of 39704 and 39256.
56
Calculate the greatest common factor of 12 and 26830172.
4
What is the greatest common divisor of 5583074 and 28728?
266
What is t